{"id":72,"date":"2019-12-04T16:34:45","date_gmt":"2019-12-04T16:34:45","guid":{"rendered":"http:\/\/ferienwohnung-vaas.de\/?page_id=72"},"modified":"2020-07-27T11:51:46","modified_gmt":"2020-07-27T11:51:46","slug":"wohnung","status":"publish","type":"page","link":"https:\/\/ferienwohnung-vaas.de\/?page_id=72","title":{"rendered":"Wohnung"},"content":{"rendered":"\n<h1 class=\"wp-block-heading\">Schlafzimmer<\/h1>\n\n\n\n<p>Das Schlafzimmer hat ein Doppelbett und ein Stockbett. Somit ist es ideal f\u00fcr&nbsp;2 Erwachsene und 2 Kinder. Das Stockbett ist allerdings so gro\u00df, dass auch Erwachsene gut darin schlafen k\u00f6nnen.<\/p>\n\n\n\n<p>Bettw\u00e4sche und Handt\u00fccher k\u00f6nnen f\u00fcr nur 5 \u20ac \/Person zu gebucht werden.<\/p>\n\n\n\n<figure class=\"wp-block-gallery columns-2 is-cropped wp-block-gallery-1 is-layout-flex wp-block-gallery-is-layout-flex\"><ul class=\"blocks-gallery-grid\"><li class=\"blocks-gallery-item\"><figure><a href=\"https:\/\/ferienwohnung-vaas.de\/wp-content\/uploads\/2020\/07\/IMG_20200628_110046-1-1024x768.jpg\"><img loading=\"lazy\" decoding=\"async\" width=\"1024\" height=\"768\" src=\"https:\/\/ferienwohnung-vaas.de\/wp-content\/uploads\/2020\/07\/IMG_20200628_110046-1-1024x768.jpg\" alt=\"\" data-id=\"163\" data-link=\"https:\/\/ferienwohnung-vaas.de\/?attachment_id=163#main\" class=\"wp-image-163\" srcset=\"https:\/\/ferienwohnung-vaas.de\/wp-content\/uploads\/2020\/07\/IMG_20200628_110046-1-1024x768.jpg 1024w, https:\/\/ferienwohnung-vaas.de\/wp-content\/uploads\/2020\/07\/IMG_20200628_110046-1-300x225.jpg 300w, https:\/\/ferienwohnung-vaas.de\/wp-content\/uploads\/2020\/07\/IMG_20200628_110046-1-768x576.jpg 768w, https:\/\/ferienwohnung-vaas.de\/wp-content\/uploads\/2020\/07\/IMG_20200628_110046-1-1536x1152.jpg 1536w, https:\/\/ferienwohnung-vaas.de\/wp-content\/uploads\/2020\/07\/IMG_20200628_110046-1-2048x1536.jpg 2048w\" sizes=\"auto, (max-width: 1024px) 100vw, 1024px\" \/><\/a><\/figure><\/li><li class=\"blocks-gallery-item\"><figure><a href=\"https:\/\/ferienwohnung-vaas.de\/wp-content\/uploads\/2020\/07\/IMG_20200628_105920-scaled.jpg\"><img loading=\"lazy\" decoding=\"async\" width=\"1024\" height=\"768\" src=\"https:\/\/ferienwohnung-vaas.de\/wp-content\/uploads\/2020\/07\/IMG_20200628_105920-1024x768.jpg\" alt=\"\" data-id=\"165\" data-full-url=\"https:\/\/ferienwohnung-vaas.de\/wp-content\/uploads\/2020\/07\/IMG_20200628_105920-scaled.jpg\" data-link=\"https:\/\/ferienwohnung-vaas.de\/?attachment_id=165#main\" class=\"wp-image-165\" srcset=\"https:\/\/ferienwohnung-vaas.de\/wp-content\/uploads\/2020\/07\/IMG_20200628_105920-1024x768.jpg 1024w, https:\/\/ferienwohnung-vaas.de\/wp-content\/uploads\/2020\/07\/IMG_20200628_105920-300x225.jpg 300w, https:\/\/ferienwohnung-vaas.de\/wp-content\/uploads\/2020\/07\/IMG_20200628_105920-768x576.jpg 768w, https:\/\/ferienwohnung-vaas.de\/wp-content\/uploads\/2020\/07\/IMG_20200628_105920-1536x1152.jpg 1536w, https:\/\/ferienwohnung-vaas.de\/wp-content\/uploads\/2020\/07\/IMG_20200628_105920-2048x1536.jpg 2048w\" sizes=\"auto, (max-width: 1024px) 100vw, 1024px\" \/><\/a><\/figure><\/li><\/ul><\/figure>\n\n\n\n<h1 class=\"wp-block-heading\">K\u00fcche<\/h1>\n\n\n\n<p>Die vollausgestattete Wohnk\u00fcche l\u00e4sst keine W\u00fcnsche offen. Vom E-Herd mit Backofen, einer Mikrowelle, einer K\u00fchl- und Gefrierkombination \u00fcber eine Kaffeemaschine, einen Toaster und einem Eierkocher bis hin zu ausreichend Besteck, K\u00fcchenwerkzeug, T\u00f6pfe, Gl\u00e4ser und Geschirr finden Sie hier alles, was Sie brauchen. Eine gro\u00dfe Sitzgruppe l\u00e4dt zum gemeinsamen Essen ein.<\/p>\n\n\n\n<figure class=\"wp-block-gallery columns-3 is-cropped wp-block-gallery-2 is-layout-flex wp-block-gallery-is-layout-flex\"><ul class=\"blocks-gallery-grid\"><li class=\"blocks-gallery-item\"><figure><a href=\"http:\/\/ferienwohnung-vaas.de\/wp-content\/uploads\/2019\/12\/e150922eb4.jpg\"><img loading=\"lazy\" decoding=\"async\" width=\"800\" height=\"600\" src=\"http:\/\/ferienwohnung-vaas.de\/wp-content\/uploads\/2019\/12\/e150922eb4.jpg\" alt=\"\" data-id=\"42\" data-link=\"http:\/\/ferienwohnung-vaas.de\/?attachment_id=42\" class=\"wp-image-42\" srcset=\"https:\/\/ferienwohnung-vaas.de\/wp-content\/uploads\/2019\/12\/e150922eb4.jpg 800w, https:\/\/ferienwohnung-vaas.de\/wp-content\/uploads\/2019\/12\/e150922eb4-300x225.jpg 300w, https:\/\/ferienwohnung-vaas.de\/wp-content\/uploads\/2019\/12\/e150922eb4-768x576.jpg 768w\" sizes=\"auto, (max-width: 800px) 100vw, 800px\" \/><\/a><\/figure><\/li><li class=\"blocks-gallery-item\"><figure><a href=\"https:\/\/ferienwohnung-vaas.de\/wp-content\/uploads\/2020\/07\/IMG_20200628_105955-scaled.jpg\"><img loading=\"lazy\" decoding=\"async\" width=\"1024\" height=\"768\" src=\"https:\/\/ferienwohnung-vaas.de\/wp-content\/uploads\/2020\/07\/IMG_20200628_105955-1024x768.jpg\" alt=\"\" data-id=\"154\" data-full-url=\"https:\/\/ferienwohnung-vaas.de\/wp-content\/uploads\/2020\/07\/IMG_20200628_105955-scaled.jpg\" data-link=\"https:\/\/ferienwohnung-vaas.de\/?attachment_id=154#main\" class=\"wp-image-154\" srcset=\"https:\/\/ferienwohnung-vaas.de\/wp-content\/uploads\/2020\/07\/IMG_20200628_105955-1024x768.jpg 1024w, https:\/\/ferienwohnung-vaas.de\/wp-content\/uploads\/2020\/07\/IMG_20200628_105955-300x225.jpg 300w, https:\/\/ferienwohnung-vaas.de\/wp-content\/uploads\/2020\/07\/IMG_20200628_105955-768x576.jpg 768w, https:\/\/ferienwohnung-vaas.de\/wp-content\/uploads\/2020\/07\/IMG_20200628_105955-1536x1152.jpg 1536w, https:\/\/ferienwohnung-vaas.de\/wp-content\/uploads\/2020\/07\/IMG_20200628_105955-2048x1536.jpg 2048w\" sizes=\"auto, (max-width: 1024px) 100vw, 1024px\" \/><\/a><\/figure><\/li><li class=\"blocks-gallery-item\"><figure><a href=\"http:\/\/ferienwohnung-vaas.de\/wp-content\/uploads\/2019\/12\/8f03dde8f5.jpg\"><img loading=\"lazy\" decoding=\"async\" width=\"295\" height=\"222\" src=\"http:\/\/ferienwohnung-vaas.de\/wp-content\/uploads\/2019\/12\/8f03dde8f5.jpg\" alt=\"\" data-id=\"11\" data-link=\"http:\/\/ferienwohnung-vaas.de\/?attachment_id=11\" class=\"wp-image-11\"\/><\/a><\/figure><\/li><\/ul><\/figure>\n\n\n\n<h1 class=\"wp-block-heading\">Wohnzimmer<\/h1>\n\n\n\n<p>In dem gro\u00dfen Wohnzimmer kann man gut entspannen. Hierf\u00fcr sind einige B\u00fccher (Kinderb\u00fccher, Romane), Fernseher mit Satellitenanschluss und ein Radio vorhanden. Bei Bedarf kann die Couch auch ausgezogen werden.<\/p>\n\n\n\n<p>Von dem Wohnzimmer gelangt man auf die Terrasse. Die massive Holzgartengarnitur und der Blick auf die Natur laden zum Verweilen ein. Ein direkter Weg f\u00fchrt hinter das Haus, wo eine gro\u00dfe, sonnige Liegewiese ist.<br><\/p>\n\n\n\n<figure class=\"wp-block-gallery columns-0 is-cropped wp-block-gallery-3 is-layout-flex wp-block-gallery-is-layout-flex\"><ul class=\"blocks-gallery-grid\"><li class=\"blocks-gallery-item\"><figure><a href=\"https:\/\/ferienwohnung-vaas.de\/wp-content\/uploads\/2020\/07\/IMG_20200628_105747-1024x768.jpg\"><img loading=\"lazy\" decoding=\"async\" width=\"1024\" height=\"768\" src=\"https:\/\/ferienwohnung-vaas.de\/wp-content\/uploads\/2020\/07\/IMG_20200628_105747-1024x768.jpg\" alt=\"\" data-id=\"155\" data-link=\"https:\/\/ferienwohnung-vaas.de\/?attachment_id=155#main\" class=\"wp-image-155\" srcset=\"https:\/\/ferienwohnung-vaas.de\/wp-content\/uploads\/2020\/07\/IMG_20200628_105747-1024x768.jpg 1024w, https:\/\/ferienwohnung-vaas.de\/wp-content\/uploads\/2020\/07\/IMG_20200628_105747-300x225.jpg 300w, https:\/\/ferienwohnung-vaas.de\/wp-content\/uploads\/2020\/07\/IMG_20200628_105747-768x576.jpg 768w, https:\/\/ferienwohnung-vaas.de\/wp-content\/uploads\/2020\/07\/IMG_20200628_105747-1536x1152.jpg 1536w, https:\/\/ferienwohnung-vaas.de\/wp-content\/uploads\/2020\/07\/IMG_20200628_105747-2048x1536.jpg 2048w\" sizes=\"auto, (max-width: 1024px) 100vw, 1024px\" \/><\/a><\/figure><\/li><li class=\"blocks-gallery-item\"><figure><a href=\"https:\/\/ferienwohnung-vaas.de\/wp-content\/uploads\/2020\/07\/IMG_20200628_105824-1024x768.jpg\"><img loading=\"lazy\" decoding=\"async\" width=\"1024\" height=\"768\" src=\"https:\/\/ferienwohnung-vaas.de\/wp-content\/uploads\/2020\/07\/IMG_20200628_105824-1024x768.jpg\" alt=\"\" data-id=\"156\" data-link=\"https:\/\/ferienwohnung-vaas.de\/?attachment_id=156#main\" class=\"wp-image-156\" srcset=\"https:\/\/ferienwohnung-vaas.de\/wp-content\/uploads\/2020\/07\/IMG_20200628_105824-1024x768.jpg 1024w, https:\/\/ferienwohnung-vaas.de\/wp-content\/uploads\/2020\/07\/IMG_20200628_105824-300x225.jpg 300w, https:\/\/ferienwohnung-vaas.de\/wp-content\/uploads\/2020\/07\/IMG_20200628_105824-768x576.jpg 768w, https:\/\/ferienwohnung-vaas.de\/wp-content\/uploads\/2020\/07\/IMG_20200628_105824-1536x1152.jpg 1536w, https:\/\/ferienwohnung-vaas.de\/wp-content\/uploads\/2020\/07\/IMG_20200628_105824-2048x1536.jpg 2048w\" sizes=\"auto, (max-width: 1024px) 100vw, 1024px\" \/><\/a><\/figure><\/li><li class=\"blocks-gallery-item\"><figure><a href=\"https:\/\/ferienwohnung-vaas.de\/wp-content\/uploads\/2020\/07\/IMG_20200628_105844-scaled.jpg\"><img loading=\"lazy\" decoding=\"async\" width=\"1024\" height=\"768\" src=\"https:\/\/ferienwohnung-vaas.de\/wp-content\/uploads\/2020\/07\/IMG_20200628_105844-1024x768.jpg\" alt=\"\" data-id=\"157\" data-full-url=\"https:\/\/ferienwohnung-vaas.de\/wp-content\/uploads\/2020\/07\/IMG_20200628_105844-scaled.jpg\" data-link=\"https:\/\/ferienwohnung-vaas.de\/?attachment_id=157#main\" class=\"wp-image-157\" srcset=\"https:\/\/ferienwohnung-vaas.de\/wp-content\/uploads\/2020\/07\/IMG_20200628_105844-1024x768.jpg 1024w, https:\/\/ferienwohnung-vaas.de\/wp-content\/uploads\/2020\/07\/IMG_20200628_105844-300x225.jpg 300w, https:\/\/ferienwohnung-vaas.de\/wp-content\/uploads\/2020\/07\/IMG_20200628_105844-768x576.jpg 768w, https:\/\/ferienwohnung-vaas.de\/wp-content\/uploads\/2020\/07\/IMG_20200628_105844-1536x1152.jpg 1536w, https:\/\/ferienwohnung-vaas.de\/wp-content\/uploads\/2020\/07\/IMG_20200628_105844-2048x1536.jpg 2048w\" sizes=\"auto, (max-width: 1024px) 100vw, 1024px\" \/><\/a><\/figure><\/li><\/ul><\/figure>\n\n\n\n<h1 class=\"wp-block-heading\">Bad<\/h1>\n\n\n\n<p>Das helle Badezimmer hat eine ger\u00e4umige Dusche, Waschbecken, Toilette und einen separate Schminkecke.<\/p>\n\n\n\n<figure class=\"wp-block-gallery columns-2 is-cropped wp-block-gallery-4 is-layout-flex wp-block-gallery-is-layout-flex\"><ul class=\"blocks-gallery-grid\"><li class=\"blocks-gallery-item\"><figure><a href=\"https:\/\/ferienwohnung-vaas.de\/wp-content\/uploads\/2020\/07\/IMG_20200628_105907-scaled.jpg\"><img loading=\"lazy\" decoding=\"async\" width=\"1024\" height=\"768\" src=\"https:\/\/ferienwohnung-vaas.de\/wp-content\/uploads\/2020\/07\/IMG_20200628_105907-1024x768.jpg\" alt=\"\" data-id=\"160\" data-full-url=\"https:\/\/ferienwohnung-vaas.de\/wp-content\/uploads\/2020\/07\/IMG_20200628_105907-scaled.jpg\" data-link=\"https:\/\/ferienwohnung-vaas.de\/?attachment_id=160#main\" class=\"wp-image-160\" srcset=\"https:\/\/ferienwohnung-vaas.de\/wp-content\/uploads\/2020\/07\/IMG_20200628_105907-1024x768.jpg 1024w, https:\/\/ferienwohnung-vaas.de\/wp-content\/uploads\/2020\/07\/IMG_20200628_105907-300x225.jpg 300w, https:\/\/ferienwohnung-vaas.de\/wp-content\/uploads\/2020\/07\/IMG_20200628_105907-768x576.jpg 768w, https:\/\/ferienwohnung-vaas.de\/wp-content\/uploads\/2020\/07\/IMG_20200628_105907-1536x1152.jpg 1536w, https:\/\/ferienwohnung-vaas.de\/wp-content\/uploads\/2020\/07\/IMG_20200628_105907-2048x1536.jpg 2048w\" sizes=\"auto, (max-width: 1024px) 100vw, 1024px\" \/><\/a><\/figure><\/li><li class=\"blocks-gallery-item\"><figure><a href=\"https:\/\/ferienwohnung-vaas.de\/wp-content\/uploads\/2020\/07\/IMG_20200628_105855-1024x768.jpg\"><img loading=\"lazy\" decoding=\"async\" width=\"1024\" height=\"768\" src=\"https:\/\/ferienwohnung-vaas.de\/wp-content\/uploads\/2020\/07\/IMG_20200628_105855-1024x768.jpg\" alt=\"\" data-id=\"159\" data-link=\"https:\/\/ferienwohnung-vaas.de\/?attachment_id=159#main\" class=\"wp-image-159\" srcset=\"https:\/\/ferienwohnung-vaas.de\/wp-content\/uploads\/2020\/07\/IMG_20200628_105855-1024x768.jpg 1024w, https:\/\/ferienwohnung-vaas.de\/wp-content\/uploads\/2020\/07\/IMG_20200628_105855-300x225.jpg 300w, https:\/\/ferienwohnung-vaas.de\/wp-content\/uploads\/2020\/07\/IMG_20200628_105855-768x576.jpg 768w, https:\/\/ferienwohnung-vaas.de\/wp-content\/uploads\/2020\/07\/IMG_20200628_105855-1536x1152.jpg 1536w, https:\/\/ferienwohnung-vaas.de\/wp-content\/uploads\/2020\/07\/IMG_20200628_105855-2048x1536.jpg 2048w\" sizes=\"auto, (max-width: 1024px) 100vw, 1024px\" \/><\/a><\/figure><\/li><\/ul><\/figure>\n\n\n\n<h1 class=\"wp-block-heading\">Terrasse<\/h1>\n\n\n\n<p>Vom Wohnzimmer aus betreten Sie die Terrasse mit einem unvergleichlichen Blick auf das gr\u00f6\u00dfte Waldgebiet Deutschlands. Zur Ausstattung geh\u00f6ren hochwertige, rustikale Holzm\u00f6bel. Die sich anschlie\u00dfende Liegewiese steht Ihnen zur Benutzung frei.<\/p>\n\n\n\n<figure class=\"wp-block-gallery columns-2 is-cropped wp-block-gallery-5 is-layout-flex wp-block-gallery-is-layout-flex\"><ul class=\"blocks-gallery-grid\"><li class=\"blocks-gallery-item\"><figure><a href=\"http:\/\/ferienwohnung-vaas.de\/wp-content\/uploads\/2019\/12\/c7378ab6f9.jpg\"><img loading=\"lazy\" decoding=\"async\" width=\"800\" height=\"600\" src=\"http:\/\/ferienwohnung-vaas.de\/wp-content\/uploads\/2019\/12\/c7378ab6f9.jpg\" alt=\"\" data-id=\"38\" data-full-url=\"http:\/\/ferienwohnung-vaas.de\/wp-content\/uploads\/2019\/12\/c7378ab6f9.jpg\" data-link=\"http:\/\/ferienwohnung-vaas.de\/?attachment_id=38\" class=\"wp-image-38\" srcset=\"https:\/\/ferienwohnung-vaas.de\/wp-content\/uploads\/2019\/12\/c7378ab6f9.jpg 800w, https:\/\/ferienwohnung-vaas.de\/wp-content\/uploads\/2019\/12\/c7378ab6f9-300x225.jpg 300w, https:\/\/ferienwohnung-vaas.de\/wp-content\/uploads\/2019\/12\/c7378ab6f9-768x576.jpg 768w\" sizes=\"auto, (max-width: 800px) 100vw, 800px\" \/><\/a><\/figure><\/li><li class=\"blocks-gallery-item\"><figure><a href=\"http:\/\/ferienwohnung-vaas.de\/wp-content\/uploads\/2019\/12\/f97c9ccfda.jpg\"><img loading=\"lazy\" decoding=\"async\" width=\"800\" height=\"600\" src=\"http:\/\/ferienwohnung-vaas.de\/wp-content\/uploads\/2019\/12\/f97c9ccfda.jpg\" alt=\"\" data-id=\"44\" data-full-url=\"http:\/\/ferienwohnung-vaas.de\/wp-content\/uploads\/2019\/12\/f97c9ccfda.jpg\" data-link=\"http:\/\/ferienwohnung-vaas.de\/?attachment_id=44\" class=\"wp-image-44\" srcset=\"https:\/\/ferienwohnung-vaas.de\/wp-content\/uploads\/2019\/12\/f97c9ccfda.jpg 800w, https:\/\/ferienwohnung-vaas.de\/wp-content\/uploads\/2019\/12\/f97c9ccfda-300x225.jpg 300w, https:\/\/ferienwohnung-vaas.de\/wp-content\/uploads\/2019\/12\/f97c9ccfda-768x576.jpg 768w\" sizes=\"auto, (max-width: 800px) 100vw, 800px\" \/><\/a><\/figure><\/li><\/ul><\/figure>\n\n\n<p><!--EndFragment--><\/p>","protected":false},"excerpt":{"rendered":"<p>Schlafzimmer Das Schlafzimmer hat ein Doppelbett und ein Stockbett. Somit ist es ideal f\u00fcr&nbsp;2 Erwachsene und 2 Kinder. Das Stockbett ist allerdings so gro\u00df, dass auch Erwachsene gut darin schlafen k\u00f6nnen. Bettw\u00e4sche und Handt\u00fccher k\u00f6nnen f\u00fcr nur 5 \u20ac \/Person zu gebucht werden. K\u00fcche Die vollausgestattete Wohnk\u00fcche l\u00e4sst keine W\u00fcnsche offen. Vom E-Herd mit Backofen, [&hellip;]<\/p>\n","protected":false},"author":1,"featured_media":0,"parent":0,"menu_order":0,"comment_status":"closed","ping_status":"closed","template":"","meta":{"footnotes":""},"class_list":["post-72","page","type-page","status-publish","hentry"],"_links":{"self":[{"href":"https:\/\/ferienwohnung-vaas.de\/index.php?rest_route=\/wp\/v2\/pages\/72","targetHints":{"allow":["GET"]}}],"collection":[{"href":"https:\/\/ferienwohnung-vaas.de\/index.php?rest_route=\/wp\/v2\/pages"}],"about":[{"href":"https:\/\/ferienwohnung-vaas.de\/index.php?rest_route=\/wp\/v2\/types\/page"}],"author":[{"embeddable":true,"href":"https:\/\/ferienwohnung-vaas.de\/index.php?rest_route=\/wp\/v2\/users\/1"}],"replies":[{"embeddable":true,"href":"https:\/\/ferienwohnung-vaas.de\/index.php?rest_route=%2Fwp%2Fv2%2Fcomments&post=72"}],"version-history":[{"count":10,"href":"https:\/\/ferienwohnung-vaas.de\/index.php?rest_route=\/wp\/v2\/pages\/72\/revisions"}],"predecessor-version":[{"id":167,"href":"https:\/\/ferienwohnung-vaas.de\/index.php?rest_route=\/wp\/v2\/pages\/72\/revisions\/167"}],"wp:attachment":[{"href":"https:\/\/ferienwohnung-vaas.de\/index.php?rest_route=%2Fwp%2Fv2%2Fmedia&parent=72"}],"curies":[{"name":"wp","href":"https:\/\/api.w.org\/{rel}","templated":true}]}}